digit of 74584?
4
What is the hundreds digit of 2607?
6
What is the thousands digit of 2672?
2
What is the hundreds digit of 5649?
6
What is the ten thousands digit of 11725?
1
What is the tens digit of 13498?
9
What is the thousands digit of 15307?
5
What is the hundreds digit of 154?
1
What is the thousands digit of 14878?
4
What is the tens digit of 20996?
9
What is the units digit of 1240?
0
What is the units digit of 1469?
9
What is the units digit of 520?
0
What is the thousands digit of 5136?
5
What is the thousands digit of 7092?
7
What is the hundreds digit of 132847?
8
What is the hundreds digit of 5411?
4
What is the hundreds digit of 15096?
0
What is the hundreds digit of 1862?
8
What is the units digit of 263?
3
What is the units digit of 263?
3
What is the hundred thousands digit of 101219?
1
What is the tens digit of 4438?
3
What is the units digit of 15199?
9
What is the tens digit of 2378?
7
What is the hundreds digit of 3463?
4
What is the hundreds digit of 2890?
8
What is the units digit of 119?
9
What is the hundreds digit of 2390?
3
What is the ten thousands digit of 15083?
1
What is the hundreds digit of 38475?
4
What is the thousands digit of 61384?
1
What is the thousands digit of 5788?
5
What is the units digit of 5519?
9
What is the tens digit of 1863?
6
What is the thousands digit of 1530?
1
What is the hundreds digit of 1030?
0
What is the thousands digit of 9031?
9
What is the tens digit of 28607?
0
What is the units digit of 12424?
4
What is the tens digit of 682?
8
What is the ten thousands digit of 63029?
6
What is the hundreds digit of 6781?
7
What is the units digit of 546?
6
What is the hundreds digit of 396?
3
What is the units digit of 560?
0
What is the units digit of 16363?
3
What is the thousands digit of 2781?
2
What is the thousands digit of 5407?
5
What is the ten thousands digit of 16318?
1
What is the thousands digit of 1209?
1
What is the hundreds digit of 17519?
5
What is the thousands digit of 1296?
1
What is the thousands digit of 127718?
7
What is the hundreds digit of 1782?
7
What is the units digit of 857?
7
What is the ten thousands digit of 10091?
1
What is the hundreds digit of 558?
5
What is the units digit of 1526?
6
What is the ten thousands digit of 51468?
5
What is the units digit of 406?
6
What is the units digit of 8340?
0
What is the hundreds digit of 7070?
0
What is the hundreds digit of 4769?
7
What is the tens digit of 945?
4
What is the units digit of 633?
3
What is the ten thousands digit of 57468?
5
What is the units digit of 39951?
1
What is the units digit of 84747?
7
What is the thousands digit of 4992?
4
What is the hundreds digit of 3651?
6
What is the tens digit of 19748?
4
What is the thousands digit of 1759?
1
What is the tens digit of 2348?
4
What is the thousands digit of 4810?
4
What is the tens digit of 3336?
3
What is the ten thousands digit of 85512?
8
What is the tens digit of 3461?
6
What is the ten thousands digit of 68359?
6
What is the hundreds digit of 1916?
9
What is the ten thousands digit of 27140?
2
What is the units digit of 8573?
3
What is the units digit of 2756?
6
What is the hundreds digit of 20354?
3
What is the units digit of 18844?
4
What is the hundreds digit of 2687?
6
What is the units digit of 15942?
2
What is the tens digit of 854?
5
What is the hundreds digit of 19541?
5
What is the thousands digit of 9598?
9
What is the thousands digit of 10453?
0
What is the tens digit of 843?
4
What is the thousands digit of 83564?
3
What is the hundred thousands digit of 107574?
1
What is the hundreds digit of 442?
4
What is the units digit of 94?
4
What is the tens digit of 39041?
4
What is the tens digit of 19748?
4
What is the tens digit of 2575?
7
What is the hundreds digit of 6924?
9
What is the hundreds digit of 23477?
4
What is the tens digit of 752?
5
What is the units digit of 9109?
9
What is the units digit of 16767?
7
What is the thousands digit of 3405?
3
What is the units digit of 125279?
9
What is the thousands digit of 7772?
7
What is the tens digit of 34702?
0
What is the units digit of 5698?
8
What is the hundreds digit of 31701?
7
What is the hundreds digit of 15804?
8
What is the tens digit of 9870?
7
What is the tens digit of 12949?
4
What is the hundreds digit of 11476?
4
What is the thousands digit of 16271?
6
What is the tens digit of 6120?
2
What is the hundreds digit of 5197?
1
What is the units digit of 5522?
2
What is the tens digit of 27946?
4
What is the hundreds digit of 2425?
4
What is the units digit of 164?
4
What is the units digit of 1539?
9
What is the thousands digit of 44635?
4
What is the thousands digit of 30648?
0
What is the thousands digit of 8503?
8
What is the hundreds digit of 13961?
9
What is the hundreds digit of 1613?
6
What is the thousands digit of 12237?
2
What is the ten thousands digit of 35513?
3
What is the tens digit of 139895?
9
What is the tens digit of 5817?
1
What is the hundreds digit of 126481?
4
What is the tens digit of 3247?
4
What is the hundreds digit of 356?
3
What is the thousands digit of 9696?
9
What is the hundreds digit of 496?
4
What is the units digit of 10921?
1
What is the hundred thousands digit of 110375?
1
What is the tens digit of 21214?
1
What is the hundreds digit of 185?
1
What is the thousands digit of 2379?
2
What is the thousands digit of 2253?
2
What is the units digit of 58767?
7
What is the hundreds digit of 842?
8
What is the tens digit of 455?
5
What is the hundreds digit of 348?
3
What is the hundreds digit of 9279?
2
What is the tens digit of 973?
7
What is the tens digit of 3853?
5
What is the hundreds digit of 1710?
7
What is the hundreds digit of 8176?
1
What is the thousands digit of 37981?
7
What is the tens digit of 83661?
6
What is the hundreds digit of 15850?
8
What is the tens digit of 1240?
4
What is the tens digit of 34063?
6
What is the thousands digit of 4607?
4
What is the hundreds digit of 1221?
2
What is the tens digit of 2870?
7
What is the ten thousands digit of 16384?
1
What is the hundreds digit of 4870?
8
What is the units digit of 2563?
3
What is the units digit of 790?
0
What is the units digit of 8492?
2
What is the hundreds digit of 258?
2
What is the hundreds digit of 142082?
0
What is the thousands digit of 12282?
2
What is the hundreds digit of 19724?
7
What is the units digit of 198?
8
What is the units digit of 4759?
9
What is the tens digit of 4985?
8
What is the thousands digit of 1306?
1
What is the units digit of 76823?
3
What is the hundreds digit of 38454?
4
What is the units digit of 60284?
4
What is the units digit of 5466?
6
What is the hundreds digit of 1287?
2
What is the ten thousands digit of 19757?
1
What is the units digit of 572?
2
What is the hundreds digit of 5457?
4
What is the tens digit of 11320?
2
What is the tens digit of 541?
4
What is the tens digit of 33013?
1
What is the ten thousands digit of 16562?
1
What is the units digit of 1925?
5
What is the units digit of 558?
8
What is the thousands digit of 66757?
6
What is the tens digit of 362?
6
What is the hundreds digit of 1667?
6
What is the hundreds digit of 54467?
4
What is the hundreds digit of 111551?
5
What is the tens digit of 324?
2
What is the hundreds digit of 1683?
6
What is the units digit of 87306?
6
What is the units digit of 5686?
6
What is the tens digit of 13788?
8
What is the thousands digit of 169121?
9
What is the units digit of 170?
0
What is the hundreds digit of 59037?
0
What is the units digit of 7807?
7
What is the ten thousands digit of 105479?
0
What is the tens digit of 952?
5
What is the thousands digit of 3220?
3
What is the tens digit of 46282?
8
What is the thousands digit of 57035?
7
What is the tens digit of 1076?
7
What is the units digit of 5280?
0
What is the units digit of 119201?
1
What is the tens digit of 36078?
7
What is the thousands digit of 2236?
2
What is the tens digit of 1203?
0
What is the units digit of 31107?
7
What is the tens digit of 3053?
5
What is the thousands digit of 1659?
1
What is the units digit of 106382?
2
What is the tens digit of 4131?
3
What is the tens digit of 13109?
0
What is the thousands digit of 2683?
2
What is the hundreds digit of 451?
4
What is the tens digit of 7257?
5
What